re the prime factors of 30/(-40)*38*-36?
2, 3, 19
Suppose -j - 18 = -21. Suppose -j*n + 630 = 6*n. List the prime factors of n.
2, 5, 7
Suppose c + 2*p - 7*p - 454 = 0, 4*p = c - 452. List the prime factors of c.
2, 3, 37
Let t = -1 + 2. Let v be ((t - -3)/(-4))/1. Let k = 8 - v. What are the prime factors of k?
3
Suppose -w - 153 = 4*g, -3*w = -5*g + 325 + 66. Let l = w - -295. What are the prime factors of l?
2, 79
Let o(w) = -4*w**2 + 15*w + 163. Let y be o(10). Let n be -1 + (258/1)/2. Let u = y + n. List the prime factors of u.
41
Suppose 4 = -2*c, 4*c = p - c - 14. Suppose 4*s = -4*q + 240, 2*s = p*q - 2*q + 116. What are the prime factors of s?
59
Let x(k) = k**3 + 21*k**2 + 14*k - 17. Let t = -13 - 7. What are the prime factors of x(t)?
103
Let z = 36 + -30. Let k = 2 - -2. Suppose -k*d = -z*d + 34. What are the prime factors of d?
17
Suppose 5*n = -3*v - 25, 2 = n - 2*v - 6. Let u be -18*(n - 4/(-3)). Suppose 15*l = u*l + 66. What are the prime factors of l?
2, 11
Let o(a) = a - 9. Suppose 4*h - 7*h = -45. Let b be o(h). Suppose 0 = 4*d - 2*p - 22, b = 2*d + p - 3*p. What are the prime factors of d?
2
Let i(o) be the third derivative of -o**4/24 - 2*o**3/3 + 2*o**2. Let h be i(-8). Let q(z) = z**3 - z**2 - 3*z - 4. What are the prime factors of q(h)?
2
Let i(q) = -14*q + 9. Let m(z) = -z - 1. Let w(p) = i(p) + 2*m(p). List the prime factors of w(-4).
71
Let x be ((-8)/(-10))/(4/30). Let n(d) = d + 1. Let l(g) = -14*g - 1. Let a(c) = x*n(c) + l(c). List the prime factors of a(-3).
29
Let g(q) = -q**2 + 8*q - 1. Let k be g(7). Let s(n) be the second derivative of n**4/12 - n**3/3 - 4*n**2 - 12*n - 2. List the prime factors of s(k).
2
Suppose -u = 5*p - 6*u - 2155, -4*p = -u - 1721. List the prime factors of p.
2, 5, 43
Suppose 4*i = 9*i. Let v be (6/(-9) - i)*-12. Suppose -k + 43 = v. List the prime factors of k.
5, 7
Let t = -7 - -19. Let y = -8 + t. Suppose y*j + 3*w - 121 = 0, -j - 3*j + 125 = -w. List the prime factors of j.
31
Let q(x) = 2*x**2 + 6*x - 4. What are the prime factors of q(11)?
2, 19
Let x(n) = n**2 - 9*n - 90. List the prime factors of x(-24).
2, 3, 13
List the prime factors of (-5)/(-2)*(-1310)/(-25).
131
Suppose 4*m = 8, 5*r + 16*m = 14*m + 18569. What are the prime factors of r?
47, 79
Let n(k) = 5*k + 4 + 4*k - 3*k. Suppose -3*t = 3 - 15. List the prime factors of n(t).
2, 7
Let v(x) = 91*x + 54. List the prime factors of v(16).
2, 5, 151
Suppose -4*z + 298 = -326. Let k = 1 - -12. Suppose -4*i + 3*x + k = -147, 4*i - z = 2*x. List the prime factors of i.
37
What are the prime factors of 20157/19 - 6/(-57)?
1061
Let u(k) = k**3 - 4*k**2 - 7*k + 3. Let n be u(4). Let v be (5 - 6) + (-1 - n). Suppose -6*m = -7*m + v. List the prime factors of m.
23
Let q = 648 - 342. Suppose 6*x - 210 = q. List the prime factors of x.
2, 43
Let b(u) = -u**3 + 3*u - 5*u**2 - 2 - 8*u - 8*u - 10. What are the prime factors of b(-5)?
53
Let b = 285 - -1430. What are the prime factors of b?
5, 7
Suppose 0 = -3*v - 4*f + 5, 6 = -2*v - 2*f - 3*f. Suppose -s + 25 = v. List the prime factors of (s/4)/((-15)/(-210)).
3, 7
Let g be 973/9 + 2/(-18). Let z = -48 + g. What are the prime factors of z?
2, 3, 5
Let k(y) = -y**3 - 3*y**2 + 5*y + 7. Suppose -b + 2*a = -0*b + 10, -2*b + a - 11 = 0. Let f be k(b). What are the prime factors of 24 + (f - 5) - 1?
3, 7
Let y = 430 + -31. List the prime factors of y.
3, 7, 19
Suppose 8*a + 6*a - 938 = 0. What are the prime factors of a?
67
Suppose 127 = 2*q - 3*l, 5*q = 4*l + 206 + 115. List the prime factors of 1160/q - 4/(-26).
2, 3
Let k(r) = r**2 - 6*r + 11. Let o be k(5). Let c(q) = q**3 - 4*q**2 - 10. Let l be c(o). Let h = -32 + l. What are the prime factors of h?
2, 3, 5
Let i(l) = -4*l + 29. Let d(n) = -7*n + 59. Let r(q) = 3*d(q) - 5*i(q). List the prime factors of r(17).
3, 5
Let h(r) = 2*r + 12. Let a be h(-5). Suppose a*u + 4*y = -4, 2*y + 8 = -0*y. Let q = 3 + u. List the prime factors of q.
3
Let x = 1266 + -169. What are the prime factors of x?
1097
Let x = 39 - 45. Suppose 4*y - 4*p = -p - 123, -5*p - 145 = 5*y. List the prime factors of 45/y*104/x.
2, 13
What are the prime factors of 19 - 21 - (-2 - 1150 - -2)?
2, 7, 41
Let x = -11 - -3. Let t(m) = -2*m - 12. Let w be t(x). List the prime factors of (1 - w) + 520/13.
37
Let t(m) = -m**3 + 2*m**2 + 2*m + 1. Let g be t(-1). Suppose -5*c = -g*c - 255. List the prime factors of c.
5, 17
Suppose -20*p = -7*p - 4173. What are the prime factors of p?
3, 107
Let b = 28 - 28. Let d = -16 - -44. What are the prime factors of d - 0/(b - -4)?
2, 7
Suppose 0 = -264*v + 269*v - 1855. What are the prime factors of v?
7, 53
Suppose -2*h = -5*x - 22 - 39, -4*x + 2*h - 48 = 0. Let f = x + 15. Suppose f*z + 3*r = 95, -z + r + 51 = 6*r. What are the prime factors of z?
2, 23
Suppose -x + 0 = 2*f - 11, -17 = -2*f - 3*x. Suppose 2*h = h - j + 49, -3*h + f*j + 175 = 0. What are the prime factors of h?
53
Let a = 1859 + -68. What are the prime factors of a?
3, 199
Let b = -257 + 145. Let n = -45 - b. What are the prime factors of n?
67
Suppose -1 = -4*y + 7. Suppose 3*x - n - 7 = -y*n, -x + 4 = 2*n. Suppose -x*j + 70 = -0*j. List the prime factors of j.
5, 7
Suppose -199 = -l - v, -3*l + 776 = -2*v + 174. Suppose -11*d + 3*d = -l. List the prime factors of d.
5
Let i(a) = -a**3 + 21*a**2 - 10*a - 33. What are the prime factors of i(15)?
3, 389
Suppose 5*z + 68 = -4*h, 3*z - h = -5 - 46. List the prime factors of (-5)/(10/z) - -1.
3
Let i = 3 - 1. Suppose -3*p = -5*p - 8, -p = -i*r + 102. Let u = 82 - r. List the prime factors of u.
3, 11
List the prime factors of (117*10/(-40))/(2/(-264)).
3, 11, 13
What are the prime factors of (8 + 2)*(-3)/(15/(-265))?
2, 5, 53
Let x(w) be the first derivative of 25*w**2/2 - 3*w + 6. Let g be x(2). Suppose z - 4*t = 30, 5*z - 3*z - g = -5*t. What are the prime factors of z?
2, 13
Let z(u) = -u**2 - 9*u + 12. Let n be z(-10). Suppose -4*k - 21 = -n*m + 47, -35 = -m + k. Suppose i - m = -0*i. What are the prime factors of i?
2, 3
Suppose a + 8*s = 4*s - 29, 0 = -s + 2. Let b = -70 + 125. Let j = b + a. What are the prime factors of j?
2, 3
Let t(j) = -j - 47 + 21*j - 2. List the prime factors of t(12).
191
Suppose -a - 4*a = -5*q + 435, -5*q + 431 = -4*a. Let j = -9 + q. What are the prime factors of j?
2, 37
Suppose -3*o + 6*o = -2*f + 2, -2*f - 14 = -o. Suppose 178 = o*a - 2*a. List the prime factors of a.
89
Let t be (-140)/6 + (-14)/(-42). Let i = -21 - t. Suppose -i*f - 2*f + 208 = -2*q, f + 5*q = 63. List the prime factors of f.
53
Suppose -5*x - 3*p + 8205 = 0, 10*p + 8200 = 5*x + 14*p. What are the prime factors of x?
2, 3, 137
Suppose d = 2*d. Let w(v) = 2*v - v - 43 - v**2 + 57. What are the prime factors of w(d)?
2, 7
Let c(f) = 131*f - 166. List the prime factors of c(11).
3, 5, 17
Let p(g) = g**2 + 6. Let k be p(-7). Let m = -39 + k. Suppose -5*c + m = -c. What are the prime factors of c?
2
What are the prime factors of 1/5 + 4/5 + 26?
3
Let v(y) = y**2 - 14*y + 3. Let r be v(14). Suppose -r*k + 41 = 2. What are the prime factors of k?
13
Let x = 1 + -22. Let j be 0 + 1*x/(-1). Let g = j + -14. List the prime factors of g.
7
List the prime factors of (704/(-6))/(108/(-162)).
2, 11
Let t(n) = n**2 - 5*n - 2. Let j be t(6). Suppose -j*z = -5*z + 34. Suppose u - z = -h + 3*u, h = 3*u + 29. List the prime factors of h.
2, 11
Let s = 1721 + -1159. What are the prime factors of s?
2, 281
Let i be 0/(4/(-6) + (-64)/(-24)). Suppose -4*t - 5*s = -448, -t + 5*t - 3*s - 448 = i. List the prime factors of t.
2, 7
Let u = 1306 + -1293. Let c = 9 - 6. Suppose 0 = -c*h + 3, 5*j - 3*h - 214 = u. List the prime factors of j.
2, 23
Suppose 0 = 3*q + 2*g - 6 - 0, -q + 2 = -2*g. Suppose 7*f = q*f + 125. List the prime factors of f.
5
List the prime factors of 384/(-3)*(-171)/36.
2, 19
Let v(o) = 3*o + 1 + 29*o - 15*o. What are the prime factors of v(1)?
2, 3
Let b(r) = -r**3 + 11*r**2 + 33*r - 16. List the prime factors of b(-13).
23, 157
Let f(o) be the second derivative of -26*o**3/3 - 13*o**2/2 + 12*o. What are the prime factors of f(-6)?
13, 23
Let j(h) be the third derivative of h**6/40 - 17*h**5/60 + h**4/6 + h**3/3 + 8*h**2. List the prime factors of j(6).
2, 31
Let x(g) = -g**3 - 14*g**2 - 6*g + 30. Let h be (1 - 0)/((-3)/